late j(49).
0
Let c(y) = y**3 - 76*y**2 + 1427*y + 27. What is c(42)?
-15
Let d(j) = 104203*j + 521018. Give d(-5).
3
Let w(g) = -g**3 + 24*g**2 + 612*g - 6445. Calculate w(36).
35
Let q(h) = -6*h**2 + 4247*h + 89071. Calculate q(-21).
-2762
Let t(i) = 39*i - 3885. What is t(5)?
-3690
Let z(j) = 72*j**2 - 2237*j + 62. Calculate z(31).
-93
Let q(f) = 125243*f - 626200. Calculate q(5).
15
Let d(s) = -5072*s - 238347. What is d(-47)?
37
Let y(q) = 7*q**3 - 2*q**2 + 157*q - 543. Calculate y(7).
2859
Let n(x) = 546*x + 381. Calculate n(3).
2019
Let v(o) = 48*o - 175. Give v(9).
257
Let k(d) = -d**2 + 1678*d - 558775. Calculate k(458).
-15
Let v(r) = 267*r - 3199. Calculate v(12).
5
Let l(h) = 768*h + 69987. Calculate l(-91).
99
Let t(m) = 3793*m**3 + 11*m**2 - 2*m - 13. Determine t(1).
3789
Let v(i) = -i**3 + 140*i + 378. Calculate v(13).
1
Let n(k) = -2*k**3 + 35*k**2 - 441*k + 8270. Give n(18).
8
Let o(c) = -347*c**2 + 7991*c - 183. Give o(23).
47
Let j(f) = 567*f - 21652. Calculate j(38).
-106
Let w(k) = -k**2 + 2179*k + 59883. Give w(-27).
321
Let f(o) = -19*o**3 - 1064*o**2 - 2049*o + 55. Determine f(-54).
-107
Let t(m) = -5570*m - 1130713. Determine t(-203).
-3
Let n(g) = 148*g**2 + 21*g + 63. What is n(-2)?
613
Let s(q) = -q**3 + 28*q**2 + 1322*q + 172. Determine s(53).
13
Let h(q) = -10776*q + 301771. What is h(28)?
43
Let v(o) = 310*o - 1018. What is v(5)?
532
Let u(h) = 10665*h - 53359. Give u(5).
-34
Let a(m) = 51*m**2 + 436*m - 15. Give a(-9).
192
Let i(u) = 3*u**3 + 15*u**2 - 128*u + 227. What is i(-10)?
7
Let x(y) = 266*y**2 + 61184*y + 893. What is x(-230)?
-27
Let u(f) = -1000*f - 6851. Calculate u(-7).
149
Let n(d) = 7*d - 2435. Give n(61).
-2008
Let n(j) = -103*j**2 - 13917*j - 1799. What is n(-135)?
-179
Let j(v) = -3*v**3 - 16*v**2 + 27*v + 101. What is j(-5)?
-59
Let v(g) = -31192*g - 155384. Determine v(-5).
576
Let c(b) = -32*b**2 - 3682*b - 335. Calculate c(-115).
-105
Let w(n) = -n**2 - 74*n + 1296. Determine w(-50).
2496
Let a(j) = 224*j - 21946. Determine a(98).
6
Let s(x) = -2*x**3 + 48*x**2 - 189*x - 48. Calculate s(20).
-628
Let y(o) = 10*o**3 - 29*o**2 + 150*o + 175. Give y(-1).
-14
Let i(k) = -k**3 + 77*k**2 - 470*k + 49. What is i(70)?
1449
Let p(m) = 99702*m - 398804. Determine p(4).
4
Let g(j) = -2*j**2 - 1560*j + 7599. Give g(5).
-251
Let a(d) = 89*d - 1847. Determine a(15).
-512
Let o(u) = 14*u**2 + 218*u - 2005. What is o(10)?
1575
Let o(d) = d**3 - 25*d**2 - 88*d + 616. Calculate o(27).
-302
Let g(d) = -11113*d - 12335435. Calculate g(-1110).
-5
Let r(q) = 130379*q + 782226. Calculate r(-6).
-48
Let x(y) = 19396*y + 38826. Give x(-2).
34
Let h(a) = 2894*a + 141215. Give h(-49).
-591
Let q(k) = 2308*k + 302356. What is q(-131)?
8
Let q(v) = 1161*v - 729. Calculate q(1).
432
Let x(m) = -m**3 + 53*m**2 - 15*m + 1051. Determine x(53).
256
Let u(a) = 645*a - 3683. Give u(7).
832
Let t(j) = 7526*j - 218226. Calculate t(29).
28
Let n(p) = -5*p**2 + 425*p + 11445. Calculate n(-30).
-5805
Let f(g) = -16*g**2 - 6272*g - 113399. Calculate f(-373).
-7
Let w(q) = q**2 + 1349*q + 413549. Give w(-471).
11
Let d(q) = q**2 + 1573*q - 19290. What is d(12)?
-270
Let f(s) = -25*s**2 + 1401*s - 4203. Calculate f(3).
-225
Let p(f) = 5*f**3 + 22*f**2 + 97*f - 515. Calculate p(6).
1939
Let z(a) = -8*a**2 + 740*a + 1793. What is z(93)?
1421
Let o(u) = -6*u**2 + 107*u - 218. Give o(19).
-351
Let w(i) = 36*i**2 + 12203*i - 319. Give w(-339).
20
Let i(k) = -3*k**3 + 4*k**2 + 298*k - 162. Calculate i(0).
-162
Let n(u) = u**2 + 7351*u + 596064. Calculate n(-82).
6
Let z(u) = -961*u - 6598. Give z(-5).
-1793
Let s(n) = -2*n**3 - 79*n**2 - 248*n - 15197. Give s(-41).
14
Let j(s) = -189151*s + 945734. Determine j(5).
-21
Let r(q) = -6523*q + 137019. What is r(21)?
36
Let j(z) = z**2 + 25032*z - 526118. Calculate j(21).
-5
Let r(i) = 1112*i - 138018. Give r(124).
-130
Let d(u) = -2833*u - 1974598. Determine d(-697).
3
Let b(t) = 15*t**3 + 149*t**2 + 252*t + 2627. Determine b(-10).
7
Let m(f) = -7*f**2 - 479*f + 337. What is m(-69)?
61
Let o(c) = -515*c + 10496. Calculate o(21).
-319
Let x(n) = 2*n**3 - 68*n**2 + 179*n + 83. Calculate x(31).
-134
Let y(q) = 1230*q**2 + 15844*q - 1886. Give y(-13).
12
Let t(s) = 433*s + 10999. Give t(-33).
-3290
Let x(q) = 7*q**2 + 111*q + 569. Give x(-13).
309
Let p(i) = -137*i**2 - 336*i + 6029. Calculate p(-8).
-51
Let m(u) = -77*u**2 + 388*u - 49. Determine m(4).
271
Let x(p) = -30*p**2 - 300*p - 913. Give x(-3).
-283
Let g(s) = -9*s**2 + 220*s - 136. Give g(22).
348
Let v(l) = -116486*l - 18171824. Give v(-156).
-8
Let u(z) = -z**3 - 151*z**2 - 555*z + 180. Determine u(-4).
48
Let w(h) = -h**2 - 32246*h - 193437. Calculate w(-6).
3
Let u(b) = 106293*b + 637771. What is u(-6)?
13
Let d(q) = q**2 - 2610*q - 2609. What is d(-1)?
2
Let p(u) = -924*u + 35030. Determine p(37).
842
Let n(o) = 36*o**2 - 2474*o + 1711. Give n(68).
-57
Let f(i) = 3*i**2 - 1310*i + 2671. Calculate f(2).
63
Let r(b) = -b**2 + 262*b + 12770. Calculate r(-42).
2
Let a(r) = -21*r**2 - 1203*r - 1540. Give a(-56).
-28
Let m(z) = -55662*z + 1948190. Determine m(35).
20
Let b(n) = -3*n**2 + 2372*n + 7099. What is b(-3)?
-44
Let q(v) = 8*v**2 - 182. What is q(7)?
210
Let b(y) = -5*y**3 + 72*y**2 - 8*y - 178. What is b(14)?
102
Let y(x) = -16*x**2 - 99*x - 206. What is y(-2)?
-72
Let n(p) = -1869*p + 20557. What is n(11)?
-2
Let c(v) = 6*v + 1338. Give c(-180).
258
Let v(a) = -19*a**2 - 1620*a + 3249. What is v(2)?
-67
Let x(o) = -66*o - 1098. What is x(-7)?
-636
Let h(k) = -60520*k - 423656. Calculate h(-7).
-16
Let a(w) = -2*w**3 + 14*w**2 + 237*w + 15. What is a(-8)?
39
Let r(m) = 2*m**3 - 32*m**2 - 212*m - 195. What is r(21)?
-237
Let r(b) = -b**2 + 46304*b + 43638668. Calculate r(-924).
-4
Let j(n) = 16*n**2 - 2028*n + 69. Determine j(127).
577
Let o(n) = n**3 - 63*n**2 - 111*n + 2692. Give o(64).
-316
Let v(u) = 515806*u - 9284504. Determine v(18).
4
Let m(u) = 2*u**3 + 4*u**2 + 40*u + 341. What is m(-7)?
-429
Let t(l) = 263*l + 12801. Give t(-45).
966
Let m(b) = -26675*b - 533505. Give m(-20).
-5
Let s(r) = -35*r**2 - 2112*r - 8418. Give s(-4).
-530
Let z(c) = -c**3 + 104*c**2 - 84*c - 1662. Calculate z(103).
295
Let o(m) = 197128*m - 197123. Determine o(1).
5
Let u(c) = c**3 + 107*c**2 - 128*c - 2061. Calculate u(-108).
99
Let q(b) = 105*b**2 - 25191*b - 2010. Determine q(240).
150
Let a(l) = l**2 + 491*l + 57030. Give a(-189).
-48
Let w(o) = o**2 + 764*o - 381134. Calculate w(344).
18
Let x(o) = -95*o**2 - 1335*o - 5321. What is x(-4)?
-1501
Let h(b) = b**3 - 28*b**2 + 56*b - 9. Give h(2).
-1
Let m(b) = -257*b + 4033. Calculate m(15).
178
Let x(r) = 6307*r - 94565. Give x(15).
40
Let g(u) = -u**2 - 25*u + 3462. Determine g(49).
-164
Let l(n) = 7374*n - 162227. Determine l(22).
1
Let j(u) = -20*u**3 + 1088*u**2 - 476*u + 2375. Give j(54).
-1
Let v(q) = -284*q**2 + 6584*q - 1183. Give v(23).
13
Let p(v) = -6694*v + 2001492. Give p(299).
-14
Let d(w) = w**2 + 871*w + 18699. What is d(-22)?
21
Let o(n) = 502*n + 37136. Determine o(-70).
1996
Let s(x) = x**3 + 15*x**2 - 468*x - 7007. Give s(-14).
-259
Let v(y) = -y**3 - 102*y**2 + 1279*y - 412. Determine v(11).
-16
Let s(h) = h**3 - 20*h**2 - 442*h + 1824. Calculate s(32).
-32
Let n(h) = -7*h**3 - 833*h**2 + 4336*h - 492. What is n(-124)?
4
Let h(g) = 564*g + 46824. Determine h(-84).
-552
Let j(r) = 307*r + 4406. What is j(-13)?
415
Let u(t) = 14*t**2 + 11*t - 116. Determine u(-8).
692
Let z(x) = -x**2 - 88316*x - 1677597. Determine z(-19).
46
Let h(z) = 5629*z + 52873. Give h(-9).
2212
Let a(y) = -2*y**3 - 29*y**2 + 55*y + 654. Calculate a(-15).
54
Let z(v) = -82*v + 8497. Calculate z(110).
-523
Let a(w) = -w**3 + 166*w**2 - 556*w + 10873. Calculate a(163).
-48
Let z(y) = y**3 - 379*y**2 - 1006*y + 663536. What is z(377)?
16
Let l(f) = f**3 - 10*f**2 - 52*f + 85. Calculate l(8).
-459
Let m(i) = -303*i - 9876. Determine m(-31).
-483
Let j(c) = -2*c**3 - 47*c**2 - 65*c - 2807. What is j(-22)?
-2829
Let x(q) = -6*q**2 + 121*q - 196. Calculate x(24).
-748
Let m(c) = -1834*c + 51271. Determine m(28).
-81
Let y(s) = 620*s - 54014. Give y(87).
-74
Let u(r) = -323*r + 46599. Give u(144).
87
Let q(r) = 16742*r - 468952. Give q(28).
-176
Let j(u) = -3*u**3 + 6844*u**2 - 77136*u - 99878. Give j(